 - 3 - 5*n - 2*n**2 + 8*n. Let p be v(6). Let d(c) = -c**2 + 3*c + 3. Give d(p).
3
Let a(z) be the first derivative of -5*z**2/2 + 3*z - 2. Let w(s) = -11*s + 6. Let j(v) = -13*a(v) + 6*w(v). What is j(-4)?
1
Let n(u) = -4*u**2 + 3 + 0 - u**3 + 0 + u. Let b(j) = j**3 + 7*j**2 - 10*j - 1. Let x be b(-8). Let h be (-3)/x + (-38)/10. Determine n(h).
-1
Suppose 0*q - 3*q = -30. Suppose 4*d - q = -2*v, -5*v + 3*d - 7*d = -19. Let t(m) = m**2 + 2*m - v*m - 4*m. Give t(4).
-4
Let y = -12 - -3. Let s = y - -5. Let m(l) = -l + 19 - 10 - 7 - 3. Determine m(s).
3
Let t = -3 + 5. Let m(c) = c - 2 + 0*c + 3*c**t + 0. Let g(o) = o**3 + 9*o**2 + 9*o + 6. Let i be g(-8). Calculate m(i).
8
Let w(d) = -2*d**3 - 3*d**2 - d + 2. Let z = 10 - 12. What is w(z)?
8
Let v(j) be the first derivative of j**4/4 + 5*j**3/3 + 2*j - 2. Let i be v(-5). Suppose 20 = 6*p - i*p. Let d(x) = x - 5. Give d(p).
0
Let g(n) = 3*n**2 - n - 20 + n + 24 - n + n**3. Give g(-3).
7
Suppose 0 = -d + 2*h + h + 4, -16 = -4*d - 3*h. Let f(n) = -n - 1. Give f(d).
-5
Let c be ((-12)/(-7))/(4/14). Let k(j) = j**3 - 7*j**2 + 6*j - 1. Determine k(c).
-1
Let b(m) = -m**2 - 3*m + 1. Let r = 20 + -16. Suppose 10 = -5*z + 5*y, r*z + 20 - 5 = -3*y. Give b(z).
1
Let h(s) be the first derivative of -s**5/10 - s**4/6 + s**3/3 + s**2 - s - 1. Let a(n) be the first derivative of h(n). Let f be 16/(-12)*6/4. Give a(f).
6
Let b(g) = -g**2 + 10*g - 4 - g + 0. Give b(8).
4
Let b(n) be the first derivative of n**3/3 - n**2 + 4*n - 12. Calculate b(3).
7
Let u(y) = y**2 - 5*y - 4. Let v be u(8). Let s = 23 - v. Let b(k) = k**3 - k**2 - 3*k - 1. Determine b(s).
8
Let t(p) = -p + 8. Let n(u) = u**3 - 3*u**2 - 9. Let k be n(4). Calculate t(k).
1
Suppose 2*s + 15 = -5. Suppose -2*k = -c - 0*c - 11, -11 = 3*c + 5*k. Let n = s - c. Let d(u) = u**2 + 2*u + 1. Give d(n).
4
Let k(w) be the second derivative of w**4/12 - 2*w**3/3 + w. Let a be k(4). Let c(m) = -m + 14. Let v(r) = 6*r - 71. Let x(h) = -11*c(h) - 2*v(h). What is x(a)?
-12
Let d(t) = 4 - 4 - 2*t - 1. Calculate d(3).
-7
Suppose 4*b - 13 = 3. Let q(t) = -35 + 74 + t**2 - 37 - 6*t. Determine q(b).
-6
Let f(u) be the first derivative of -u**2/2 - 12*u + 2. Suppose 12*k = 2*k. Calculate f(k).
-12
Let u(l) = -7957*l + 7966*l + 4 - 6*l**2 - l**3 - 2. Determine u(-7).
-12
Let y(d) = d**2 + 5*d + 6. Suppose 0 = -4*o + o - 12. Let u be o + 0 - 0/2. Calculate y(u).
2
Let l(g) be the first derivative of g**2/2 + g + 24. What is l(2)?
3
Let p be 2*5*6/15. Suppose 2 = r + p. Let x(u) be the second derivative of u**3/6 - u**2 + 7*u. What is x(r)?
-4
Suppose 0 = -4*w + 2*g + 2, 5*w + 5 = 4*g. Let x(b) = -3*b**2 + b**3 + 0*b**3 + 0*b**3 + 6*b - 5*b. Determine x(w).
3
Let v = -25 + 29. Let x = 4 - v. Let j(b) = b**3 - b**2 + b - 3. What is j(x)?
-3
Let j(r) be the first derivative of 1/3*r**3 + 5/2*r**2 - 6 + 5*r. Suppose -b - 4*m + 4 = 1, 5*b + m + 23 = 0. Calculate j(b).
5
Let k(i) = -2*i - i + 0*i + 1. Let b(l) = -l**2 - 8*l - 1. Suppose 0 = -0*j + 5*j + 5*z + 15, 3*j + 5*z - 1 = 0. Let u be b(j). What is k(u)?
4
Let x(l) be the second derivative of -l**4/12 + l**3/3 - l**2/2 + 4*l + 2. Calculate x(-2).
-9
Let z(o) = -15*o**2 - 1 + 13*o**2 - 2*o - 3*o**3 + 5*o**3. Let m(a) = a**2 + 11*a - 13. Let j be m(-12). Calculate z(j).
-3
Let y(f) = -f + 1. Let s be y(-4). Let l = s - 5. Let z(b) be the second derivative of b**4/12 + b**3/6 - 5*b**2/2 - b. What is z(l)?
-5
Let s(f) be the second derivative of -f**4/6 + f**3/2 - f**2/2 + 8*f. Determine s(2).
-3
Let t(b) = 2*b + 4. Let f = -157 - -160. Calculate t(f).
10
Suppose 4*w + 3*g + 44 = g, -w - 6 = -2*g. Let m = -7 - w. Let v(o) = m*o - 2 + o + 5. Determine v(-2).
-5
Let u = -11 + 8. Let g(d) = d**2 + d. Let l(f) = -5*f**2 - 3. Let m(v) = 3*v**2 + 2. Let a(t) = -6*l(t) - 11*m(t). Let i(x) = -a(x) - 4*g(x). Determine i(u).
7
Suppose q - 3 = 0, -2*h = -9*q + 6*q - 3. Let l(g) = g**3 - 5*g**2 - g - 7. What is l(h)?
23
Suppose 3*a + 0 - 6 = 2*b, 3*a = 4*b + 6. Let p(c) = c**3 - c + 6. Determine p(b).
6
Let j(n) = n**2 - 2*n - 2. Suppose -3 + 1 = 2*g. Let h = 1 + g. Suppose -2*q - 4 = -h*q. Determine j(q).
6
Let t(c) = -c**3 - 6*c**2 - c - 3. Suppose r + r = -12. Calculate t(r).
3
Suppose z + 5*o - 8 = 0, -2*o + 5 = 3. Let w(y) = -y**3 - y**2 + 8. Let x(d) = d**3 + 2*d**2 - d - 9. Let j(k) = 6*w(k) + 5*x(k). What is j(z)?
-3
Let p(y) be the first derivative of y**4/4 + 7. Determine p(0).
0
Let k(g) = g + 11. Suppose 1 - 9 = u. Let p be k(u). Let w = p + -1. Let l(x) = x. Give l(w).
2
Let t(w) = 19*w**3 - 2*w**2 - w. Suppose -k + 3*b + 5 = 0, k - 9 = -0*b + 5*b. What is t(k)?
-20
Let g(z) be the third derivative of -z**5/15 + 6*z**2. Suppose 4*l - 8*l = 12. Let w be (-6)/4*2/l. Determine g(w).
-4
Let c(t) be the first derivative of -2 - 4*t - 1/2*t**2. Give c(-5).
1
Let h(r) = -r**3 + 7*r**2 + 9*r - 6. Let k be h(8). Suppose -k*a = 2*a. Let d(c) = 2*c**2 + 4*c - 1 - 3*c**2 - 5*c + 0*c**2. What is d(a)?
-1
Let h(f) = 2*f**2 - 12*f + 2. Let a be h(6). Let i(v) be the second derivative of -v**a + v - 1/12*v**4 - 5/6*v**3 + 0. Give i(-4).
2
Suppose -4 = -3*m - m. Let a(x) = -x - 1. Let t be a(-4). Let p(d) = -d**t - m + d**3 + 3*d - 3*d**2 - 5*d - d**3. Give p(-3).
5
Let g(l) = -5*l**2 + 7. Let t(m) = 3*m**2 - 4. Let k(j) = -4*g(j) - 7*t(j). What is k(-1)?
-1
Let u = 0 + -1. Let h(b) = -3*b**2 + 2*b**3 - 1 - 2*b + 2*b**3 + 3*b**2. Give h(u).
-3
Let g(x) = -x + 17. Let j be g(0). Let m be (8/6)/(1/3). Suppose 0*d + 5*s = 3*d - j, 16 = -m*d - 3*s. Let q(h) = -h. Give q(d).
1
Suppose 7*v + 4*a = 4*v + 22, 0 = 4*v + 2*a - 16. Let b(q) = -v*q + q - q. What is b(-3)?
6
Let o be (0/(-1))/(4/4). Suppose q + 3*q - 24 = o. Suppose q*c = 2*c + 12. Let f(i) = 3*i - 4. Give f(c).
5
Let x = -12 + 13. Let w(z) be the first derivative of -11*z**2/2 + z + 1. Give w(x).
-10
Let h(u) be the third derivative of -u**4/12 + 3*u**3/2 - 6*u**2. What is h(6)?
-3
Let s(q) = -5*q**2 + 30*q - 19. Let l(m) = -m**2 + 6*m - 4. Let a(w) = 11*l(w) - 2*s(w). Calculate a(6).
-6
Let z(s) be the second derivative of 1/2*s**2 - 1/3*s**3 - 1/10*s**5 + 1/4*s**4 + 0 + s. What is z(2)?
-7
Let y(n) = -20 - 2*n**2 - 19 - 16*n**3 + 38 + 2*n. Calculate y(1).
-17
Let u(n) = -3*n**3 - 3*n**2 + 4. Let t(m) = 13*m**3 + 11*m**2 - 17. Let x(q) = 2*t(q) + 9*u(q). Calculate x(-5).
2
Let n(k) = -6*k + 3 + 5 - 121*k**2 + 120*k**2. Give n(-6).
8
Suppose -40 = -12*z + 8*z + 2*r, -r = -4*z + 44. Let b be (-2)/(-3) + 14/6. Suppose 3*d + b*u = d - 8, -3*d - z = 2*u. Let j(n) = -2*n - 5. Calculate j(d).
3
Let d(t) = -t**3 + t. Let o(x) = -x**3 + 2*x - 1. Let b(y) = 2*d(y) - o(y). Let m(w) = -3*w**3 - 7*w**2 - 8*w + 7. Let j(k) = -4*b(k) + m(k). Give j(8).
3
Let s(b) be the first derivative of -4*b**2 - 3*b - 5. Suppose 0 = 4*a + 9 - 1. Give s(a).
13
Let r = -19 - -9. Let m = -5 - r. Let p(n) = n**2 - 4*n - 5. Let y be p(m). Let u(o) = -o**2 + o - 2. What is u(y)?
-2
Let f(r) = -r - 4. Let i(y) = -y**2 + 0*y - 6 + y - 10*y. Let s be i(-9). Give f(s).
2
Let d(h) = h - 16. Let x(k) = k - 11. Let q(w) = -5*d(w) + 7*x(w). Let g(b) = b - 8. Suppose 5*f - 31 = -1. Let s be g(f). Give q(s).
-1
Let y(l) = -l - 6. Let k(q) = -q**2 - 4*q - 7. Let o be k(-5). Let g = 17 + o. Determine y(g).
-11
Let n(v) = -2*v + 7. Let i be n(5). Let a(y) be the second derivative of y**4/12 - 3*y**2/2 - y. Calculate a(i).
6
Let u(n) = -n - 11. Let s(x) = x + 12. Let f(h) = 5*s(h) + 6*u(h). What is f(-6)?
0
Suppose 9*n = 12*n - 27. Let m(r) = r**3 - 10*r**2 + 8*r + 10. Calculate m(n).
1
Let z be ((-1)/(-2))/(5 + 95/(-20)). Let h(a) = -3*a**2 - a - 1. Determine h(z).
-15
Let r = 170 - 169. Let c(u) = -3*u - 1. Give c(r).
-4
Suppose -1 = 4*u + 3. Let k be (-36)/(-24)*8/3. Let w(q) = -q + k*q - 3*q**3 - 4*q. What is w(u)?
4
Let x(k) = -k**3 + 2*k + 1. Let h(v) be the second derivative of 0 + 4*v**2 + 4*v + 1/6*v**3. Let q be h(-6). Calculate x(q).
-3
Let x(c) = c**3 - 2*c**2 + c + 2. Suppose -5*b + 6 = 5*o - 4, 5*o + 3*b - 10 = 0. Calculate x(o).
4
Suppose g = -7 + 5. Let h = 1 + 2. Let b(u) = -3*u + u + 2*u**2 + h*u - 1. What is b(g)?
5
Let p(l) = -4*l + l**3 + 2*l - 1 + 2*l + l + 3*l**2. Give p(-3).
-4
Let q(x) = -5*x**2. Let f(h) = -h**2 - 2. Let d(g) = -g**2 + 1. Let p(w) = 6*d(w) + 3*f(w). Let c(a) = -4*p(a) + 7*q(a). Dete